 = -2*g**3 + 41*g**2 - 6*g + 71. Let q be m(20). Calculate the highest common divisor of q and 13.
13
Let j(u) = -u**3 + 8*u**2 + 10*u - 10. Suppose 1 - 8 = -g. Let y be j(g). Let d = -1 + y. Calculate the highest common factor of d and 12.
12
Suppose 19*i = 17*i + 6. Suppose -p + 150 = -i*f, 5*p + 90 = -5*f - 140. Let n be 52/(-13) - (0 + f). What is the highest common divisor of 5 and n?
5
Suppose -36*i = -30*i - 510. What is the highest common factor of i and 68?
17
Let g(b) = -b**2 - 44*b + 138. Let m be g(-46). What is the greatest common factor of 46 and m?
46
Let n be -5*-2*(-115)/(-50). Suppose -10*f - 921 = -7*f. Let j = f + 514. What is the highest common factor of n and j?
23
Let r be (-26)/(-13)*(-1 + 2*6). Let j(x) = -x**2 + 22*x + 11. Let y be j(r). What is the highest common factor of 44 and y?
11
Suppose x = 2*w - 18 - 2, w + 4*x + 8 = 0. Suppose 4*c + 28 - 80 = -2*t, 4*c + w = 0. What is the highest common divisor of 45 and t?
15
Suppose 7*a = 2*a + 245. Suppose -15*b + 154 = a. What is the greatest common factor of b and 7?
7
Let w = -13 + 44. Let f = w + 2. Calculate the highest common divisor of 11 and f.
11
Let v(t) = -t**3 - 5*t**2 - 19*t - 46. Let h be v(-4). Let r(s) = 4*s + 4. Let z be r(6). What is the greatest common divisor of z and h?
14
Let n(h) = -h**3 - 21*h**2 - h - 3. Let d be n(-21). Suppose 2*b = 12 + d. Suppose -4*q - 420 = -8*q. What is the greatest common divisor of q and b?
15
Suppose 0*s - s + 8 = 0. Let n(j) = -j**2 - 13*j - 25. Let p be n(-10). Suppose p*u - 90 = 10. What is the greatest common divisor of u and s?
4
Suppose -1397 = -2*u - 537. Suppose 3*c = -4*y + u, -y + 11 - 166 = -c. Let i = -14 + 29. Calculate the greatest common divisor of c and i.
15
Let w(q) = 1 - q + 0 + 0*q**2 + q**2 + 2*q**2. Let k be w(1). Let x be (-996)/(-9) - 2/k. Calculate the highest common factor of x and 44.
22
Let r(m) = -6*m**2 + 5*m - 9. Let v(j) = 0 - j**2 - j + 3 - 2. Let o(t) = -r(t) + 3*v(t). Let p be o(6). What is the highest common divisor of 9 and p?
9
Let d be (-2104)/(-12) + 4/6. Let z be (-988)/(-234) + 4/(-18). Suppose 2*f - 14 = -q, -f = z*q + 2*f - 61. Calculate the greatest common divisor of d and q.
16
Let r(w) = -2*w**2 - 115*w + 11. Let j be r(-57). What is the greatest common factor of j and 476?
68
Let l(j) = j + 11. Let o be 1*(4 + -7)*3. Let r be l(o). Suppose -17 - 49 = -d - r*h, -4*h + 188 = 3*d. Calculate the greatest common factor of d and 8.
8
Let r(v) = -4*v + v - 2 - 7 + 0*v. Let f be r(-4). Suppose f*q - 2*k - 1 = 0, -2*q - q + 4*k - 1 = 0. Calculate the greatest common divisor of q and 7.
1
Suppose 13 = 16*r - 179. Calculate the highest common divisor of r and 3.
3
Suppose -2*t = -3*w + 882 + 266, 8 = 4*t. What is the highest common factor of 240 and w?
48
Suppose 0 = 3*i - 2*h - 28, 0*i = i - 2*h - 4. Calculate the highest common divisor of i and 156.
12
Let z(n) = n**3 + 5*n**2 + 2. Let l be z(-4). What is the highest common divisor of 441 and l?
9
Suppose -3*p = -3*w - 33, 4*p + 16*w - 19*w - 45 = 0. Calculate the greatest common factor of p and 291.
3
Suppose 96 = p - 14. Suppose 260 = 12*x + x. What is the highest common factor of x and p?
10
Let c be 26*(78 - 1)/7. Calculate the greatest common divisor of c and 52.
26
Let c = 1626 - 1444. What is the greatest common factor of 112 and c?
14
Suppose g = -3*r + 71, -5*g + 56*r - 59*r + 439 = 0. Let f = 752 - 522. Calculate the greatest common factor of g and f.
46
Let g(j) = -j**2 - 7*j. Let a be g(-6). Let v be 15/(2/6 - (-4)/a). What is the greatest common divisor of v and 105?
15
Let h be 6/(-12) + (-27)/(-6). Let n = h + 10. Calculate the greatest common factor of n and 210.
14
Suppose -106 = -21*h + 62. Let d be 2/(-3) + (-366)/(-9). What is the greatest common divisor of h and d?
8
Suppose 0 = n - 5*n + 24. Suppose 0 = 4*t + 4*b - 276, -n*t + 2*t + 273 = 5*b. What is the greatest common factor of t and 8?
8
Let f(z) = -z**3 + 14*z**2 + 5*z - 11. Let b be f(14). Suppose 5*h + 3*v = b, -3*h - 2*v - 2*v = -42. What is the greatest common factor of 2 and h?
2
Suppose z - 381 = -157. What is the greatest common divisor of 7 and z?
7
Let m(c) = 50*c - 1093. Let s be m(22). Calculate the highest common factor of s and 553.
7
Let k(r) = -4*r**3 - r**2 + 8*r + 17. Let s be k(-4). Calculate the highest common divisor of s and 25.
25
Let l(i) = -i + 1. Suppose -3*d + 0 = 6, 4*n = 3*d - 2. Let a be l(n). What is the highest common divisor of 33 and a?
3
Let m(i) = -2*i**2 + 16 + 0*i**2 + 6*i**2 - i + i**3 - 3*i**2. Let f be m(0). What is the highest common divisor of f and 16?
16
Suppose -113 = 4*y - 157. What is the greatest common divisor of 176 and y?
11
Let q be ((-3)/6)/((-2)/92). Let p(d) = -d**3 - 33*d**2 - 36*d + 125. Let b be p(-32). Calculate the highest common divisor of q and b.
23
Suppose i - 3*s = -9, 32*i - s = 31*i + 1. Calculate the greatest common divisor of 384 and i.
6
Let d = -471 + 488. Calculate the greatest common divisor of d and 1207.
17
Let j(c) = -8*c - 30. Let q be j(-14). What is the greatest common factor of q and 205?
41
Suppose 0 = 3*r - 0*r + 12. Let j = r + 11. Let t(z) = 2*z**2 - 12*z + 14. Let f be t(j). What is the highest common factor of 4 and f?
4
Suppose 3*v = 2*s + 176, 8*s - 113 = -2*v + 5*s. Suppose 0 = c + h + h - 10, -2*h = 5*c - v. What is the highest common factor of 48 and c?
12
Let z = 2 - -4. Suppose 85 + 101 = z*y. What is the greatest common factor of y and 62?
31
Suppose -k + 160 = k. Suppose -3*o = 5*o - k. Suppose 1 = f + 4*x - 3, -4*f + 3*x + 92 = 0. Calculate the greatest common factor of f and o.
10
Suppose -17*z = -27*z + 720. What is the greatest common factor of z and 180?
36
Let s(o) = -o + 4. Let u(c) = -2*c**2 - 12*c + 6. Let g be u(-6). Suppose -x = -4*x + g. Let k be s(x). Calculate the highest common divisor of k and 16.
2
Suppose 0 = -q + 12 + 2. Suppose -5*g = -5*j - 490, 3*g + 4*j - 668 + 374 = 0. What is the greatest common factor of q and g?
14
Let f(z) = -2*z + 39. Let i be f(-39). Let g(p) = -62*p - 1. Let j be g(-5). Suppose j = 4*a + i. What is the greatest common divisor of a and 16?
16
Let j = 449 + 106. What is the highest common divisor of j and 15?
15
Let h(t) = -t**2 + 8*t + 4. Let r be h(8). Suppose 2*u - s = r*u - 24, 0 = u - 4*s - 12. Calculate the highest common divisor of 6 and u.
6
Suppose 15 = 5*g - c, -2*c - 2*c = -4*g + 12. Suppose -z = -2*h, -g*h + 6*h = 3. Calculate the highest common divisor of z and 5.
1
Suppose 2*c = -8*c + 30. Let v = -4 - -10. Calculate the greatest common divisor of v and c.
3
Let r = -78 - -78. Let v be -1*(-15 + 2) + r. Let i(j) = -j**2 - 10*j + 1. Let q be i(-5). What is the highest common factor of v and q?
13
Suppose -4*v = -5*h - 410, 2*v - 5*v = h - 298. Suppose -3*c + 45 + 53 = 4*m, 3*c - v = -5*m. Calculate the greatest common divisor of c and 75.
15
Let p(d) = -d + 11. Let g be p(0). Suppose -4*y = 3*l - 30, -2*l - 2*y = -3*y - 31. Suppose -l*j - 33 = -15*j. What is the highest common divisor of g and j?
11
Let a = -702 + 720. Calculate the greatest common factor of 22 and a.
2
Let q be 3 + 15 + -1 + 1. Let i(g) be the first derivative of 5*g**2/2 - 7*g - 7. Let f be i(5). What is the highest common factor of f and q?
18
Let d(f) = 3*f**2 + 0*f**2 - 2*f**2 - 5*f + 4. Let b be d(5). Suppose x - 5*x + 41 = 3*j, -b*j + 4*x + 36 = 0. What is the greatest common divisor of 44 and j?
11
Let f = 36 - 2. Let g = -42 + 76. Suppose 6*p + g = 8*p. What is the highest common divisor of p and f?
17
Suppose -162 = -4*m - 5*f, 2*m - 5*m = 5*f - 119. Suppose 0 = 50*j + 890 - 140. Let o be m + 1 - 0/j. What is the highest common divisor of 110 and o?
22
Let r(m) = m**3 - 13*m**2 + 9*m - 10. Let i be r(9). Let h = i - -389. Let g = -14 - -31. What is the highest common factor of g and h?
17
Suppose -2*w - r = 2*w - 671, 4*w + 4*r = 668. Suppose l - w = -3*l. What is the highest common factor of 28 and l?
14
Suppose -2*x + 4*x - 24 = 0. Let a(w) = -4 + 2 + 3*w + 5 - 9. Let g be a(6). Calculate the highest common divisor of g and x.
12
Let k(w) = 2*w**2 + 44*w + 132. Let p be k(-22). What is the highest common divisor of p and 12?
12
Let f(y) = 3*y**2 - y + 2. Let c be f(3). Let p be (-1 - 3/(-9)) + 760/24. Let w = 34 + p. Cal